e factors of 20584035?
3, 5, 103, 4441
What are the prime factors of 2621769228?
2, 3, 13, 47, 67, 593
List the prime factors of 48924564.
2, 3, 13, 313619
What are the prime factors of 2936261617?
41, 2689, 26633
What are the prime factors of 303097626?
2, 3, 13, 43, 3347
List the prime factors of 20580879.
3, 11, 349, 1787
What are the prime factors of 120416746?
2, 17, 3541669
List the prime factors of 6132429.
3, 75709
What are the prime factors of 244810291?
11, 281, 79201
What are the prime factors of 71714711?
61, 1175651
List the prime factors of 7322012711.
13, 43325519
List the prime factors of 52645348.
2, 7, 313, 6007
List the prime factors of 633275665.
5, 11, 541, 21283
What are the prime factors of 1633162241?
1633162241
List the prime factors of 54127880.
2, 5, 1353197
List the prime factors of 44361838.
2, 1951, 11369
List the prime factors of 2661902393.
71, 79, 677, 701
What are the prime factors of 55851948?
2, 3, 811, 1913
List the prime factors of 311397594.
2, 3, 2887, 17977
List the prime factors of 316280107.
11, 13, 23, 37, 113
List the prime factors of 2067437687.
7, 295348241
What are the prime factors of 183062328?
2, 3, 7627597
List the prime factors of 146953027.
13, 11304079
What are the prime factors of 32941034?
2, 7, 31, 1549
What are the prime factors of 3795922963?
7, 103, 587, 8969
List the prime factors of 603760226.
2, 19, 836233
What are the prime factors of 642687011?
83, 7743217
What are the prime factors of 1255629334?
2, 2459, 255313
List the prime factors of 90309087.
3, 11, 79, 1283
What are the prime factors of 2011484508?
2, 3, 11, 15238519
What are the prime factors of 58436186?
2, 1619, 18047
List the prime factors of 3968194493.
331, 347, 34549
List the prime factors of 512959432.
2, 23, 113, 24671
List the prime factors of 44118432.
2, 3, 17021
What are the prime factors of 181833648?
2, 3, 19, 199379
What are the prime factors of 262756443?
3, 29, 3020189
What are the prime factors of 28193622?
2, 3, 59, 73, 1091
What are the prime factors of 118012063?
13, 41, 221411
List the prime factors of 1580889740.
2, 5, 617, 128111
What are the prime factors of 3216024759?
3, 17, 19, 3318911
List the prime factors of 13425469.
13425469
List the prime factors of 4732354218.
2, 3, 997, 791099
List the prime factors of 1650687661.
7, 599, 393677
What are the prime factors of 238551184?
2, 14909449
What are the prime factors of 55387977?
3, 829, 22271
What are the prime factors of 535568386?
2, 23, 67, 173773
List the prime factors of 1626362236.
2, 61, 1289, 5171
What are the prime factors of 142239765?
3, 5, 17, 557803
What are the prime factors of 19961838?
2, 3, 13, 23, 3709
List the prime factors of 699354845.
5, 7, 19981567
List the prime factors of 44186775.
3, 5, 353, 1669
List the prime factors of 57811201.
7, 8258743
What are the prime factors of 2495711173?
2297, 1086509
List the prime factors of 3177933852.
2, 3, 9769, 27109
List the prime factors of 136481241.
3, 13, 23, 71, 2143
List the prime factors of 86782478.
2, 43391239
What are the prime factors of 3985409082?
2, 3, 2099, 316453
List the prime factors of 2495066395.
5, 521, 929, 1031
List the prime factors of 5198136134.
2, 2599068067
What are the prime factors of 42058470?
2, 3, 5, 1401949
List the prime factors of 69572837.
1097, 63421
List the prime factors of 1348672.
2, 13, 1621
List the prime factors of 17002591.
61, 211, 1321
List the prime factors of 79598459.
79598459
List the prime factors of 65369668.
2, 7, 13, 47, 3821
List the prime factors of 289966148.
2, 107, 281, 2411
List the prime factors of 132731800.
2, 5, 663659
What are the prime factors of 186180434?
2, 11, 8462747
What are the prime factors of 871823297?
871823297
What are the prime factors of 137773360?
2, 5, 83, 20749
List the prime factors of 2577684649.
2577684649
What are the prime factors of 398154576?
2, 3, 19, 31, 14083
What are the prime factors of 355064231?
4759, 74609
List the prime factors of 477217593.
3, 23, 97, 23767
List the prime factors of 301290684.
2, 3, 277, 90641
List the prime factors of 3451291171.
3451291171
List the prime factors of 201488568.
2, 3, 8395357
What are the prime factors of 1214850445?
5, 89, 2730001
List the prime factors of 98648896.
2, 1541389
What are the prime factors of 42033135?
3, 5, 79, 449
List the prime factors of 630302138.
2, 315151069
What are the prime factors of 356275552?
2, 461, 24151
What are the prime factors of 79577899?
31, 2567029
What are the prime factors of 15572576?
2, 486643
What are the prime factors of 4725422373?
3, 7, 225020113
What are the prime factors of 344232762?
2, 3, 17, 1153, 2927
List the prime factors of 1811701298.
2, 11, 73, 9323
List the prime factors of 107885934.
2, 3, 13, 461051
What are the prime factors of 32457815?
5, 13, 29, 67, 257
What are the prime factors of 228397954?
2, 359, 318103
What are the prime factors of 1198487704?
2, 149810963
What are the prime factors of 75301554?
2, 3, 12550259
What are the prime factors of 90591739?
7, 1848811
List the prime factors of 4706343.
3, 97, 599
List the prime factors of 945706956.
2, 3, 31, 2542223
List the prime factors of 641221951.
37, 163, 106321
List the prime factors of 2206267466.
2, 13, 73, 1162417
List the prime factors of 6138205924.
2, 28759, 53359
What are the prime factors of 35877664?
2, 31, 59, 613
List the prime factors of 41987620.
2, 5, 17, 123493
List the prime factors of 107332476.
2, 3, 2803, 3191
What are the prime factors of 6024520876?
2, 11, 9901, 13829
What are the prime factors of 731571033?
3, 73, 3340507
List the prime factors of 532533460.
2, 5, 26626673
What are the prime factors of 50623242?
2, 3, 761, 11087
What are the prime factors of 106437498?
2, 3, 17739583
List the prime factors of 1512906686.
2, 131, 5774453
What are the prime factors of 150117345?
3, 5, 7, 31, 15373
List the prime factors of 3728367604.
2, 13, 37, 317, 6113
What are the prime factors of 996956047?
67, 14879941
What are the prime factors of 2255149609?
23, 41, 193, 12391
What are the prime factors of 729463382?
2, 139, 2623969
What are the prime factors of 10333920?
2, 3, 5, 21529
What are the prime factors of 145841034?
2, 3, 24306839
List the prime factors of 14129939.
19, 47, 15823
What are the prime factors of 290891566?
2, 7, 20777969
List the prime factors of 310514182.
2, 11, 1607, 8783
List the prime factors of 780082156.
2, 7, 479, 1187
List the prime factors of 61870869.
3, 2129, 3229
List the prime factors of 277346604.
2, 3, 23, 29, 34651
What are the prime factors of 1307348?
2, 7, 46691
List the prime factors of 11683098.
2, 3, 7, 92723
What are the prime factors of 3735507?
3, 1245169
List the prime factors of 37909450.
2, 5, 758189
List the prime factors of 8412561095.
5, 17, 677, 146191
List the prime factors of 169279561.
11, 31, 467, 1063
What are the prime factors of 8031483?
3, 892387
List the prime factors of 5299154515.
5, 10691, 99133
List the prime factors of 838100100.
2, 3, 5, 43, 64969
What are the prime factors of 7464171?
3, 11, 13, 127, 137
What are the prime factors of 960248345?
5, 7, 3919381
List the prime factors of 296583608.
2, 127, 251, 1163
List the prime factors of 2129803282.
2, 17, 157, 398989
What are the prime factors of 31831671?
3, 211, 50287
What are the prime factors of 189068537?
7, 2393, 11287
List the prime factors of 846853761.
3, 13, 157, 10639
List the prime factors of 3017140105.
5, 7, 86204003
List the prime factors of 26969029.
107, 307, 821
List the prime factors of 2996854308.
2, 3, 7, 157, 3607
List the prime factors of 10550350.
2, 5, 211007
List the prime factors of 258761280.
2, 3, 5, 269543
What are the prime factors of 7924295352?
2, 3, 3019, 109367
What are the prime factors of 6424094444?
2, 5419, 296369
List the prime factors of 2437905319.
79, 2521, 12241
List the prime factors of 122160896.
2, 11, 13, 47, 71
What are the prime factors of 1478771608?
2, 109, 1695839
List the prime factors of 22844148.
2, 3, 31, 61409
List the prime factors of 4583999659.
23, 199304333
What are the prime factors of 7836382972?
2, 11, 41, 4343893
List the prime factors of 687932406.
2, 3, 7, 139, 13093
List the prime factors of 1947086962.
2, 973543481
What are 